 factor of 2141856 and 296?
296
What is the highest common divisor of 712 and 6512?
8
What is the greatest common factor of 3198 and 1113150?
246
What is the greatest common divisor of 117 and 32487?
39
Calculate the highest common divisor of 20160 and 7140.
420
What is the greatest common factor of 150 and 59470?
10
What is the greatest common divisor of 54982 and 6623?
37
What is the greatest common factor of 64 and 60244?
4
Calculate the highest common factor of 237 and 168823.
79
Calculate the greatest common factor of 370 and 846634.
74
Calculate the highest common divisor of 333 and 10179.
9
Calculate the highest common divisor of 8080 and 2652260.
2020
Calculate the greatest common divisor of 75945 and 498.
249
Calculate the greatest common divisor of 48 and 165080.
8
What is the highest common factor of 4624 and 73712?
272
Calculate the greatest common divisor of 84 and 1554.
42
Calculate the greatest common divisor of 303387 and 3.
3
What is the highest common divisor of 1302429 and 1719?
573
What is the highest common factor of 890269 and 71?
71
What is the highest common factor of 704 and 792?
88
Calculate the greatest common divisor of 4128 and 114.
6
What is the greatest common factor of 9038240 and 160?
160
Calculate the greatest common divisor of 343 and 2205.
49
What is the greatest common factor of 469 and 21?
7
Calculate the highest common factor of 4843 and 232.
29
What is the greatest common factor of 831 and 1050384?
831
Calculate the greatest common factor of 40 and 1154740.
20
What is the greatest common divisor of 368 and 22088?
8
What is the highest common factor of 11671 and 13695?
11
Calculate the greatest common factor of 711 and 227599.
79
Calculate the greatest common factor of 411 and 54.
3
What is the highest common divisor of 11396 and 370?
74
What is the greatest common divisor of 10359214 and 1138?
1138
Calculate the highest common divisor of 212120 and 40.
40
Calculate the greatest common factor of 38 and 6340946.
38
What is the greatest common factor of 15298022 and 58?
58
What is the highest common factor of 284 and 981788?
284
What is the greatest common factor of 2325 and 13795?
155
Calculate the greatest common factor of 2006 and 9853.
59
What is the greatest common factor of 380 and 6560?
20
What is the highest common factor of 10 and 874430?
10
What is the highest common divisor of 22 and 72589?
11
What is the highest common factor of 744 and 1023?
93
Calculate the highest common divisor of 608 and 7144.
152
Calculate the highest common factor of 231 and 96789.
231
Calculate the greatest common factor of 1102954 and 268.
134
Calculate the greatest common factor of 180 and 828000.
180
What is the highest common factor of 4490 and 10880?
10
Calculate the highest common factor of 17 and 66793.
17
Calculate the highest common factor of 22178 and 247.
13
Calculate the greatest common factor of 14307 and 114.
57
What is the greatest common divisor of 113529 and 975?
39
What is the highest common divisor of 959 and 147?
7
What is the highest common factor of 9486 and 20274?
186
Calculate the greatest common divisor of 2990 and 154310.
130
Calculate the greatest common divisor of 45492 and 62628.
204
Calculate the highest common divisor of 24 and 5176.
8
Calculate the highest common divisor of 3996 and 8288.
148
Calculate the highest common factor of 224 and 567.
7
Calculate the greatest common divisor of 6383 and 311294.
491
What is the highest common factor of 93568 and 204?
68
What is the greatest common divisor of 140875 and 800?
25
Calculate the highest common divisor of 497 and 927899.
497
What is the highest common divisor of 19 and 577201?
19
Calculate the highest common divisor of 72 and 154188.
36
Calculate the greatest common divisor of 446 and 1889479.
223
What is the highest common divisor of 160915 and 5?
5
What is the greatest common divisor of 558 and 7047?
9
Calculate the highest common factor of 95 and 49419.
19
What is the greatest common factor of 4700 and 2500?
100
What is the highest common divisor of 2673 and 1485?
297
What is the highest common divisor of 909314 and 14?
14
Calculate the highest common divisor of 117 and 63297.
117
Calculate the greatest common factor of 12296610 and 19.
19
Calculate the highest common factor of 405 and 4770.
45
Calculate the greatest common factor of 329153 and 13010.
1301
What is the highest common factor of 63700 and 28?
28
What is the greatest common factor of 1328 and 3760?
16
Calculate the highest common divisor of 1920 and 2412.
12
Calculate the highest common factor of 120 and 3245460.
60
Calculate the greatest common divisor of 36 and 23884.
4
What is the greatest common divisor of 7032 and 113391?
879
What is the highest common divisor of 5480 and 220?
20
Calculate the highest common factor of 21581 and 91.
7
What is the greatest common divisor of 15582 and 2352?
294
Calculate the highest common factor of 28 and 1169.
7
What is the highest common factor of 608 and 42712?
152
Calculate the greatest common factor of 180 and 29286.
18
Calculate the greatest common factor of 275267 and 142.
71
Calculate the highest common factor of 2626 and 404.
202
What is the greatest common factor of 94104 and 504?
72
What is the highest common divisor of 24016 and 1976?
152
What is the highest common factor of 22 and 9009506?
22
Calculate the highest common factor of 2592 and 423792.
1296
Calculate the greatest common divisor of 56 and 693.
7
Calculate the greatest common divisor of 3 and 849003.
3
Calculate the greatest common factor of 1591 and 4687.
43
What is the highest common factor of 2611854 and 418?
38
Calculate the greatest common factor of 2743 and 9451.
13
What is the greatest common divisor of 32137 and 70?
7
Calculate the highest common factor of 8993 and 238.
17
Calculate the highest common factor of 21978 and 4158.
594
Calculate the highest common divisor of 3927 and 1547.
119
Calculate the highest common factor of 75 and 449745.
15
Calculate the greatest common divisor of 486149 and 17.
17
What is the highest common divisor of 128 and 1836?
4
What is the highest common divisor of 18 and 26534?
2
What is the greatest common divisor of 894 and 354024?
894
What is the greatest common divisor of 1444 and 2640?
4
Calculate the highest common divisor of 80 and 410.
10
What is the greatest common factor of 577963 and 86?
43
What is the greatest common divisor of 227659 and 97?
97
What is the greatest common divisor of 333536 and 112?
112
What is the greatest common divisor of 197 and 522838?
197
What is the greatest common divisor of 207543 and 21?
21
What is the highest common divisor of 4183 and 94?
47
Calculate the highest common factor of 6358 and 398.
2
What is the greatest common factor of 1120 and 571760?
560
What is the highest common factor of 6 and 80383?
1
What is the highest common divisor of 360 and 222900?
60
Calculate the highest common factor of 968 and 56056.
88
Calculate the greatest common factor of 850459 and 475.
19
What is the greatest common divisor of 207700 and 45?
5
Calculate the greatest common factor of 38 and 105469.
19
Calculate the greatest common divisor of 446 and 349441.
223
Calculate the highest common factor of 41868 and 108.
36
Calculate the highest common divisor of 136 and 88876.
68
What is the greatest common factor of 198332 and 2148?
716
Calculate the highest common factor of 209804 and 224.
28
What is the highest common factor of 167008 and 1088?
544
Calculate the greatest common divisor of 140806 and 46.
46
Calculate the greatest common divisor of 344 and 276662.
86
Calculate the highest common factor of 1260 and 528.
12
What is the greatest common divisor of 207452 and 5952?
124
Calculate the greatest common factor of 857 and 397.
1
Calculate the greatest common divisor of 544 and 2688.
32
Calculate the highest common divisor of 668 and 10521.
167
What is the highest common factor of 61429 and 77113?
1307
Calculate the greatest common divisor of 165 and 1745.
5
What is the greatest common factor of 133 and 1568?
7
Calculate the highest common factor of 444 and 46324.
148
Calculate the greatest common divisor of 40 and 238660.
20
Calculate the highest common divisor of 100 and 61750.
50
Calculate the g